- 25. Let n = 26 - 16. Calculate the highest common divisor of n and d.
10
Let a = 69 + -66. What is the greatest common factor of 9 and a?
3
Let q be ((-1)/(-2))/(1/44). Suppose -4*c - 32 = -4*y, 2*c + 49 = 5*y - 0*y. What is the highest common divisor of q and y?
11
Suppose 0*l - 5*l + 630 = 0. Let s be (-36)/12 - (-16 - 1). What is the highest common divisor of s and l?
14
Let t(y) = y**2. Let h be t(2). What is the greatest common factor of 36 and h?
4
Suppose 0 = -3*v + 2*l + 45, 0*l - 5*l - 60 = -4*v. Calculate the highest common divisor of v and 15.
15
Let j(u) = -u**2 - 18*u - 20. Let m be j(-10). Calculate the greatest common divisor of 12 and m.
12
Let q(i) = i**3 + 2*i**2 - i + 2. Let v be q(2). What is the greatest common factor of 8 and v?
8
Let i be (-9 + (4 - -1))*-4. Calculate the highest common factor of 24 and i.
8
Suppose 7*y - 53 = -3*l + 3*y, l - 14 = -5*y. What is the highest common divisor of 95 and l?
19
Let d be (-4)/(-8 + 4) + 44. Calculate the highest common divisor of 5 and d.
5
Suppose -z = 2*j - 19 + 5, 0 = -4*z. Let a = j - 4. Let l be (-48)/(-14) - 27/63. Calculate the highest common factor of a and l.
3
Suppose -4*i + 64 = 4*w, 5*w - 48 = -3*i + 36. Calculate the highest common divisor of 144 and w.
18
Let m(h) = h**2 - 6*h - 3. Let j be m(13). What is the highest common divisor of 8 and j?
8
Suppose -4*p - 16 = 0, 41 = -3*h + 6*h - 2*p. Suppose -2*c + 22 = 5*x, 5*c + x = 40 + 15. What is the highest common factor of c and h?
11
Suppose -2*z = 5*l - 487, 4*l - z = z + 404. Let p = l + 121. Let c(x) = 21*x - 1. Let m be c(1). What is the greatest common divisor of m and p?
20
Suppose -y = -4*q - 14, 2*y - 3*q - 56 = -2*y. Let g = -2 + 30. What is the greatest common factor of y and g?
14
Let h(p) = -2*p. Let k be h(-2). What is the highest common factor of 8 and k?
4
Let p = 1 + 2. Suppose -60 = -5*v - p*o - 2*o, 3*o = -v + 16. Calculate the greatest common factor of 10 and v.
10
Let o be (-12)/(-42) - (-86)/(-7). Let c(b) = b**2 + 11*b + 4. Let h be c(o). Calculate the highest common factor of 4 and h.
4
Suppose 0*x + 12 = u + 4*x, -2*x + 6 = -5*u. Suppose 4*p - 119 = 3*p - 2*z, u = 5*p - 5*z - 640. What is the greatest common divisor of p and 25?
25
Let x = -23 - -32. Suppose 6 - 9 = -o. What is the greatest common factor of o and x?
3
Suppose 4*w = -13 + 1021. What is the highest common factor of w and 36?
36
Let h = -35 + 59. Calculate the greatest common factor of 60 and h.
12
Let g be 0 + 246/(-4)*-2. Let a(s) = 2*s - 5. Let t be a(5). Suppose t*m + 38 = g. Calculate the greatest common factor of m and 51.
17
Suppose 0 = 7*z - 2*z + 15. Let p be ((-14)/z)/((-1)/(-3)). Calculate the highest common factor of 7 and p.
7
Let m(y) be the third derivative of y**4/24 + 3*y**3/2 + 7*y**2. Let u be m(10). What is the greatest common factor of 57 and u?
19
Let p = -212 - -300. Calculate the greatest common factor of 8 and p.
8
Let p be 8/(-28) - (-32)/14. Calculate the greatest common factor of 22 and p.
2
Let b(i) = i**3 + 10*i**2 + 18*i + 18. Let m be b(-8). Let o = 26 - 12. Calculate the highest common factor of m and o.
2
Suppose 2*q - 4*d = 28, 5*q - 3*q + d - 23 = 0. Suppose 5*h - 3*a - 51 - 597 = 0, h = -4*a + 148. What is the highest common factor of h and q?
12
Let k = 135 - 55. Suppose 1 = 2*q - 27. Let g = q - 4. Calculate the highest common divisor of g and k.
10
Suppose 0*s = -s + 9. Suppose -4*t + s*t = 120. Let a = 11 - 3. What is the greatest common factor of a and t?
8
Let k(t) = 3*t - 3*t**2 + 2*t**2 - 2*t + 2*t. Let o be k(3). Suppose 3 = 3*y - o. Calculate the greatest common divisor of y and 4.
1
Let c = 36 - -6. Calculate the greatest common divisor of c and 105.
21
Let v be 3/(3*-1)*-37. Let u = 62 - v. What is the greatest common factor of 5 and u?
5
Let b = 19 - 17. Suppose -b*m + 55 = 3*m. Calculate the highest common factor of 121 and m.
11
Suppose -6*a + a = 0. Suppose a*y = 2*y - 10. Calculate the highest common factor of y and 10.
5
Let s(r) = r**3 - 5*r**2 - 4*r - 3. Let p be s(6). Calculate the greatest common divisor of 54 and p.
9
Suppose -4*b - u - 4*u + 37 = 0, 38 = 2*b - 4*u. Calculate the greatest common factor of b and 39.
13
Let u = -13 + 21. Suppose 40 = 2*x + 2*x. Suppose -2*q + 4*n + x = 0, q + 4*n = 5*n + 3. What is the highest common factor of q and u?
1
Let s(g) = -7*g - 15. Let z be s(-5). Calculate the greatest common divisor of 8 and z.
4
Let h = 37 + -17. What is the highest common factor of h and 16?
4
Let q = -6 + 10. Let s be (-2)/4 + 290/q. Suppose 4*y - 33 = -3*k, -3*k = 5*y - 9 - 33. Calculate the highest common factor of y and s.
9
Suppose 0*f + 37 = 3*f + p, -4*f + 46 = -2*p. Calculate the greatest common divisor of f and 24.
12
Let w be 1 - -76 - 1*-4. Let i = 1 + -1. Let a = i + 9. Calculate the greatest common factor of a and w.
9
Suppose -y - 17 = -3. Let c = 39 - 8. Let a = c - y. Calculate the greatest common factor of a and 5.
5
Suppose -4 = 5*y + 1, -4*q + 37 = -5*y. Let j be -5*(0 - q/20). Calculate the highest common factor of 6 and j.
2
Suppose 0 = s + 15 - 47. Let v be -20*(-7 + -1 + 4). What is the highest common divisor of s and v?
16
Let f(w) = 6*w**2 - 5*w + 3. Suppose c - 3 = -0. Let u be f(c). What is the greatest common divisor of 28 and u?
14
Let k(o) = -261*o + 2. Let c(r) = -131*r + 1. Let g(d) = 7*c(d) - 3*k(d). Let u be g(-1). What is the highest common divisor of 15 and u?
15
Suppose 4*l = 8*l - 8. What is the highest common divisor of 1 and l?
1
Let l be (-96)/(-6 + 0) + 3. What is the highest common divisor of 133 and l?
19
Let c = -162 + 270. Suppose 0 = 2*n + n - c. Let a = -20 + 38. Calculate the greatest common divisor of n and a.
18
Let c be (-4 - 1)/(2 - 3). Suppose -2*l + c*k + 58 = 0, 0 = -2*l - 2*k - 2*k + 22. Calculate the highest common factor of l and 209.
19
Let d be 6/10 + (-12)/(-5). Suppose r - d*w - 13 = -2*w, -w - 4 = 0. What is the highest common divisor of r and 63?
9
Suppose -2*u + 12 = -4*d, -20 = -4*u + d + 3*d. Let t be (6/9)/(u/18). Calculate the highest common factor of t and 24.
3
Let l(c) = -3*c - 1. Let i be l(5). Let v = -9 - i. Let u(t) = -3*t**3 + 2*t**2 - 4. Let r be u(-2). What is the greatest common divisor of v and r?
7
Suppose -1 - 3 = 4*d. Let i be -5 + 6 - (d + -13). Calculate the greatest common divisor of i and 120.
15
Let k(s) = s**2 + 12*s. Let a be k(6). What is the highest common factor of a and 36?
36
Let j be (2/(-6))/((-2)/18). Suppose 2*c + 1 = -j. Let v be 15*(0 + c/(-5)). Calculate the highest common factor of v and 60.
6
Let y(v) = v + 6. Let l be y(-5). Let k be 0 + (l + 0)*-1. Let o(d) = -117*d. Let c be o(k). Calculate the highest common factor of 13 and c.
13
Suppose 25 = -5*k - 5*l, 4*l = 4*k - 2*k - 20. Suppose k = 4*p - 6*p - 48. Let j be p*((-15)/6 - 2). Calculate the highest common factor of j and 12.
12
Let f be -2 + (-2)/((-2)/(-2)). Let y be (25 + -3)*(-2)/f. Suppose 0 = -4*g + 8, -2*a + 184 = 4*g. Calculate the highest common divisor of a and y.
11
Let i be 19 - (30/(-8) + (-12)/(-16)). What is the highest common factor of 55 and i?
11
Suppose -b + 6*q = 4*q + 6, 0 = 3*b + 5*q - 26. What is the greatest common divisor of b and 5?
1
Let i(x) = x + 6. Suppose -2*a = a - 21. Let j be i(a). What is the greatest common divisor of j and 52?
13
Let w = 109 + -82. What is the highest common divisor of 243 and w?
27
Let f(p) = p**3 + 6*p**2 - 9*p - 3. Let u be f(-7). Suppose 31 - u = 2*a. What is the highest common divisor of a and 10?
10
Suppose -8*g + 9 = -7. Calculate the highest common factor of g and 14.
2
Let l be (-5 + 2 - -3)/(-2). Suppose 10 = -l*z + 2*z. What is the greatest common divisor of 40 and z?
5
Let a be (-13)/(-5) + (-2)/(-5). Suppose a*p + 5 = 20, 0 = -4*l + p - 41. Let b(c) = c**2 + 8*c. Let s be b(l). Calculate the greatest common factor of 9 and s.
9
Let f(j) = -j**3 + 5*j - 2. Let x be f(-4). Let m = -13 - -25. Let v = 26 - m. Calculate the greatest common factor of v and x.
14
Let z = -13 + 23. Let r be (3 + -4)*(0 + -3). Suppose -2*g = r*g - 450. What is the highest common factor of z and g?
10
Let m(u) = 16*u**2 - 2*u + 5. Let y be m(2). Calculate the greatest common factor of 26 and y.
13
Suppose -4*d + 6*d - 62 = 0. What is the greatest common